{"id":12,"date":"2024-05-08T20:09:06","date_gmt":"2024-05-08T18:09:06","guid":{"rendered":"https:\/\/gio-med.pl\/?page_id=12"},"modified":"2024-05-09T00:42:51","modified_gmt":"2024-05-08T22:42:51","slug":"strona-glowna","status":"publish","type":"page","link":"https:\/\/gio-med.pl\/?page_id=12","title":{"rendered":"Zabiegi"},"content":{"rendered":"\n<hr class=\"wp-block-separator has-alpha-channel-opacity\"\/>\n\n\n\n<h2 class=\"wp-block-heading\">Masa\u017ce:<\/h2>\n\n\n\n<hr class=\"wp-block-separator has-alpha-channel-opacity\"\/>\n\n\n\n<p><strong><mark style=\"background-color:rgba(0, 0, 0, 0)\" class=\"has-inline-color has-blue-color\">Masa\u017c tkanek g\u0142\u0119bokich<\/mark><\/strong> \u2013 wnikliwa terapia, kt\u00f3ra dociera do g\u0142\u0119bokich warstw mi\u0119\u015bniowych, wzmacniaj\u0105c ich elastyczno\u015b\u0107 i zapewniaj\u0105c ulg\u0119 w napi\u0119ciu. Ten holistyczny zabieg wspomaga zdrowie mi\u0119\u015bni i staw\u00f3w, pomagaj\u0105c w ich regeneracji i zapobiegaj\u0105c kontuzjom.<\/p>\n\n\n\n<p><strong><mark style=\"background-color:rgba(0, 0, 0, 0)\" class=\"has-inline-color has-blue-color\">Masa\u017c Kobido<\/mark><\/strong> \u2013 tradycyjny japo\u0144ski zabieg relaksacyjny, kt\u00f3ry nie tylko poprawia wygl\u0105d sk\u00f3ry, ale tak\u017ce harmonizuje energetyczne przep\u0142ywy w ciele. Zabieg ten nie tylko odm\u0142adza sk\u00f3r\u0119, ale tak\u017ce wspiera zdrowie wewn\u0119trzne poprzez redukcj\u0119 stresu i przywr\u00f3cenie r\u00f3wnowagi energetycznej.<\/p>\n\n\n\n<p><strong><mark style=\"background-color:rgba(0, 0, 0, 0)\" class=\"has-inline-color has-blue-color\">Masa\u017c ca\u0142ego cia\u0142a<\/mark><\/strong> \u2013 kompleksowy zabieg, kt\u00f3ry wzmacnia zdrowie psychiczne i fizyczne poprzez redukcj\u0119 stresu, popraw\u0119 kr\u0105\u017cenia krwi i usprawnienie uk\u0142adu limfatycznego. Oddaj\u0105c si\u0119 temu zabiegowi, wspierasz regeneracj\u0119 cia\u0142a i umys\u0142u, co korzystnie wp\u0142ywa na og\u00f3ln\u0105 kondycj\u0119 zdrowotn\u0105.<\/p>\n\n\n\n<p><strong><mark style=\"background-color:rgba(0, 0, 0, 0)\" class=\"has-inline-color has-blue-color\">Masa\u017c relaksacyjny<\/mark><\/strong> \u2013 delikatny zabieg, kt\u00f3ry dzia\u0142a jak balsam dla duszy i cia\u0142a. Odpowiednio dobrane techniki masa\u017cu redukuj\u0105 napi\u0119cie mi\u0119\u015bniowe, poprawiaj\u0105 kr\u0105\u017cenie krwi i wprowadzaj\u0105 w stan g\u0142\u0119bokiego relaksu, co przyczynia si\u0119 do poprawy jako\u015bci snu i og\u00f3lnego samopoczucia.<\/p>\n\n\n\n<p><strong><mark style=\"background-color:rgba(0, 0, 0, 0)\" class=\"has-inline-color has-blue-color\">Masa\u017c cz\u0119\u015bciowy<\/mark><\/strong> \u2013 skoncentrowany zabieg, kt\u00f3ry k\u0142adzie nacisk na specyficzne obszary cia\u0142a, zapewniaj\u0105c ulg\u0119 w b\u00f3lu i poprawiaj\u0105c funkcj\u0119 tkanek. Jest to doskona\u0142a opcja dla os\u00f3b cierpi\u0105cych na przewlek\u0142e b\u00f3le lub maj\u0105cych ograniczon\u0105 mobilno\u015b\u0107 w okre\u015blonych obszarach cia\u0142a.<\/p>\n\n\n\n<p><strong><mark style=\"background-color:rgba(0, 0, 0, 0)\" class=\"has-inline-color has-blue-color\">Masa\u017c limfatyczny<\/mark><\/strong> \u2013 delikatny i skuteczny zabieg, kt\u00f3ry wspiera zdrowie uk\u0142adu limfatycznego poprzez stymulacj\u0119 przep\u0142ywu limfy i usuwanie toksyn z organizmu. Regularne sesje tego masa\u017cu mog\u0105 przyczyni\u0107 si\u0119 do zmniejszenia obrz\u0119k\u00f3w, poprawy odporno\u015bci oraz oczyszczenia organizmu z toksyn.<\/p>\n\n\n\n<p><strong><mark style=\"background-color:rgba(0, 0, 0, 0)\" class=\"has-inline-color has-blue-color\">Masa\u017c kr\u0119gos\u0142upa<\/mark><\/strong> \u2013 specjalistyczny zabieg, kt\u00f3ry kieruje si\u0119 dobrostanem kr\u0119gos\u0142upa, redukuj\u0105c b\u00f3l i poprawiaj\u0105c jego funkcj\u0119. Jest to wa\u017cny element profilaktyki zdrowotnej, kt\u00f3ry pomaga utrzyma\u0107 prawid\u0142ow\u0105 postaw\u0119, zapobiec urazom kr\u0119gos\u0142upa i zachowa\u0107 pe\u0142n\u0105 mobilno\u015b\u0107 przez d\u0142ugie lata.<\/p>\n\n\n\n<p><strong><mark style=\"background-color:rgba(0, 0, 0, 0)\" class=\"has-inline-color has-blue-color\">Masa\u017c sportowy<\/mark><\/strong> \u2013 dynamiczny i wszechstronny zabieg, kt\u00f3ry wspomaga zdrowie fizyczne i psychiczne os\u00f3b aktywnych fizycznie. Wspomaga regeneracj\u0119 mi\u0119\u015bni, redukuje ryzyko kontuzji, poprawia elastyczno\u015b\u0107 oraz wytrzyma\u0142o\u015b\u0107, co przek\u0142ada si\u0119 na lepsze osi\u0105gi sportowe i og\u00f3lny stan zdrowia.<\/p>\n\n\n\n<p><strong><mark style=\"background-color:rgba(0, 0, 0, 0)\" class=\"has-inline-color has-blue-color\">Masa\u017c refleksologiczny<\/mark><\/strong> \u2013 innowacyjny zabieg oparty na stymulacji punkt\u00f3w na stopach, kt\u00f3re odpowiadaj\u0105 r\u00f3\u017cnym obszarom cia\u0142a. Przynosi ulg\u0119 w b\u00f3lu i napi\u0119ciu, wspomagaj\u0105c naturalne procesy samoregulacji organizmu. Idealny dla holistycznego podej\u015bcia do zdrowia.<\/p>\n\n\n\n<p><strong><mark style=\"background-color:rgba(0, 0, 0, 0)\" class=\"has-inline-color has-blue-color\">Masa\u017c ci\u0105\u017cowy<\/mark><\/strong> \u2013 specjalnie dostosowany zabieg dla przysz\u0142ych mam, kt\u00f3ry \u0142agodzi b\u00f3l plec\u00f3w, napi\u0119cie mi\u0119\u015bniowe i obrz\u0119ki, jednocze\u015bnie redukuj\u0105c poziom stresu. Bezpieczne i koj\u0105ce do\u015bwiadczenie, kt\u00f3re promuje zdrow\u0105 ci\u0105\u017c\u0119 i przygotowuje cia\u0142o do porodu.<\/p>\n\n\n\n<figure class=\"wp-block-image size-large\"><img loading=\"lazy\" decoding=\"async\" width=\"1024\" height=\"683\" src=\"https:\/\/gio-med.pl\/wp-content\/uploads\/2024\/05\/thumbnail_IMG_2363-1024x683.jpg\" alt=\"\" class=\"wp-image-103\" srcset=\"https:\/\/gio-med.pl\/wp-content\/uploads\/2024\/05\/thumbnail_IMG_2363-1024x683.jpg 1024w, https:\/\/gio-med.pl\/wp-content\/uploads\/2024\/05\/thumbnail_IMG_2363-300x200.jpg 300w, https:\/\/gio-med.pl\/wp-content\/uploads\/2024\/05\/thumbnail_IMG_2363-768x512.jpg 768w, https:\/\/gio-med.pl\/wp-content\/uploads\/2024\/05\/thumbnail_IMG_2363.jpg 1200w\" sizes=\"auto, (max-width: 1024px) 100vw, 1024px\" \/><\/figure>\n","protected":false},"excerpt":{"rendered":"<p>Masa\u017ce: Masa\u017c tkanek g\u0142\u0119bokich \u2013 wnikliwa terapia, kt\u00f3ra dociera do g\u0142\u0119bokich warstw mi\u0119\u015bniowych, wzmacniaj\u0105c ich&hellip;<\/p>\n","protected":false},"author":1,"featured_media":0,"parent":0,"menu_order":0,"comment_status":"closed","ping_status":"closed","template":"","meta":{"footnotes":""},"class_list":["post-12","page","type-page","status-publish","hentry"],"_links":{"self":[{"href":"https:\/\/gio-med.pl\/index.php?rest_route=\/wp\/v2\/pages\/12","targetHints":{"allow":["GET"]}}],"collection":[{"href":"https:\/\/gio-med.pl\/index.php?rest_route=\/wp\/v2\/pages"}],"about":[{"href":"https:\/\/gio-med.pl\/index.php?rest_route=\/wp\/v2\/types\/page"}],"author":[{"embeddable":true,"href":"https:\/\/gio-med.pl\/index.php?rest_route=\/wp\/v2\/users\/1"}],"replies":[{"embeddable":true,"href":"https:\/\/gio-med.pl\/index.php?rest_route=%2Fwp%2Fv2%2Fcomments&post=12"}],"version-history":[{"count":8,"href":"https:\/\/gio-med.pl\/index.php?rest_route=\/wp\/v2\/pages\/12\/revisions"}],"predecessor-version":[{"id":122,"href":"https:\/\/gio-med.pl\/index.php?rest_route=\/wp\/v2\/pages\/12\/revisions\/122"}],"wp:attachment":[{"href":"https:\/\/gio-med.pl\/index.php?rest_route=%2Fwp%2Fv2%2Fmedia&parent=12"}],"curies":[{"name":"wp","href":"https:\/\/api.w.org\/{rel}","templated":true}]}}