{"id":249,"date":"2024-07-30T09:38:43","date_gmt":"2024-07-30T07:38:43","guid":{"rendered":"https:\/\/gio-med.pl\/?page_id=249"},"modified":"2024-07-30T09:38:43","modified_gmt":"2024-07-30T07:38:43","slug":"dodatkowe-uslugi","status":"publish","type":"page","link":"https:\/\/gio-med.pl\/?page_id=249","title":{"rendered":"Dodatkowe us\u0142ugi"},"content":{"rendered":"\n<ul class=\"wp-block-list\"><\/ul>\n\n\n\n<p><strong><u>Modelowanie cia\u0142a oraz twarzy (MAGNIFICO II PREMIUM )<\/u>&nbsp;<\/strong>\u2013 zalety:<\/p>\n\n\n\n<ul class=\"wp-block-list\">\n<li>Modelowanie sylwetki<ul><li>Redukcja tkanki t\u0142uszczowej<\/li><\/ul><ul><li>Redukcja cellulitu<\/li><\/ul><ul><li>Redukcja obwod\u00f3w (wspomagaj\u0105co przy odchudzaniu)<\/li><\/ul><ul><li>Redukcja napi\u0119\u0107 i b\u00f3lu mi\u0119\u015bni<\/li><\/ul><ul><li>Zmniejszenie zastoj\u00f3w limfatycznych\u00a0<\/li><\/ul><ul><li>Zwi\u0119kszenie napi\u0119\u0107 pow\u0142ok brzusznych<\/li><\/ul><ul><li>Pobudzenie uk\u0142adu krwiono\u015bnego i limfatycznego<\/li><\/ul><ul><li>Wyg\u0142adzenie sk\u00f3ry<\/li><\/ul><ul><li>Silne uj\u0119drnianie<\/li><\/ul><ul><li>Modelowanie owalu twarzy<\/li><\/ul>\n<ul class=\"wp-block-list\">\n<li>Intensywne zabiegi przeciwzmarszczkowe\u00a0<br><\/li>\n<\/ul>\n<\/li>\n<\/ul>\n\n\n\n<p><strong><u>Mechaniczna manipulacja poprzez zassanie i masa\u017c<\/u>&nbsp;<\/strong>\u2013 zalety:<strong>:<\/strong><\/p>\n\n\n\n<ul class=\"wp-block-list\">\n<li>Stymulacje, drena\u017c limfatyczny oraz przep\u0142yw krwi<ul><li>Zwi\u0119ksza aktywno\u015b\u0107 fibroblast\u00f3w<\/li><\/ul><ul><li>Usuwa zrosty w tkance t\u0142uszczowej<\/li><\/ul><ul><li>Generuje rozszerzenie naczy\u0144 krwiono\u015bnych<\/li><\/ul>\n<ul class=\"wp-block-list\">\n<li>Zwi\u0119ksza g\u0142\u0119boko\u015b\u0107 dzia\u0142ania pr\u0105du RF i \u015bwiat\u0142a<\/li>\n<\/ul>\n<\/li>\n<\/ul>\n","protected":false},"excerpt":{"rendered":"<p>Modelowanie cia\u0142a oraz twarzy (MAGNIFICO II PREMIUM )&nbsp;\u2013 zalety: Mechaniczna manipulacja poprzez zassanie i masa\u017c&nbsp;\u2013&hellip;<\/p>\n","protected":false},"author":1,"featured_media":0,"parent":0,"menu_order":0,"comment_status":"closed","ping_status":"closed","template":"","meta":{"footnotes":""},"class_list":["post-249","page","type-page","status-publish","hentry"],"_links":{"self":[{"href":"https:\/\/gio-med.pl\/index.php?rest_route=\/wp\/v2\/pages\/249","targetHints":{"allow":["GET"]}}],"collection":[{"href":"https:\/\/gio-med.pl\/index.php?rest_route=\/wp\/v2\/pages"}],"about":[{"href":"https:\/\/gio-med.pl\/index.php?rest_route=\/wp\/v2\/types\/page"}],"author":[{"embeddable":true,"href":"https:\/\/gio-med.pl\/index.php?rest_route=\/wp\/v2\/users\/1"}],"replies":[{"embeddable":true,"href":"https:\/\/gio-med.pl\/index.php?rest_route=%2Fwp%2Fv2%2Fcomments&post=249"}],"version-history":[{"count":1,"href":"https:\/\/gio-med.pl\/index.php?rest_route=\/wp\/v2\/pages\/249\/revisions"}],"predecessor-version":[{"id":250,"href":"https:\/\/gio-med.pl\/index.php?rest_route=\/wp\/v2\/pages\/249\/revisions\/250"}],"wp:attachment":[{"href":"https:\/\/gio-med.pl\/index.php?rest_route=%2Fwp%2Fv2%2Fmedia&parent=249"}],"curies":[{"name":"wp","href":"https:\/\/api.w.org\/{rel}","templated":true}]}}